{"id":2080,"date":"2024-01-07T18:26:35","date_gmt":"2024-01-07T18:26:35","guid":{"rendered":"https:\/\/app.slscafe.eu\/?page_id=2080"},"modified":"2024-01-07T18:46:17","modified_gmt":"2024-01-07T18:46:17","slug":"about-4","status":"publish","type":"page","link":"https:\/\/app.slscafe.eu\/index.php\/de\/about-4\/","title":{"rendered":"About ge"},"content":{"rendered":"\t\t<div data-elementor-type=\"wp-page\" data-elementor-id=\"2080\" class=\"elementor elementor-2080\">\n\t\t\t\t\t\t\t\t\t<section class=\"elementor-section elementor-top-section elementor-element elementor-element-173ef3c elementor-section-boxed elementor-section-height-default elementor-section-height-default\" data-id=\"173ef3c\" data-element_type=\"section\">\n\t\t\t\t\t\t<div class=\"elementor-container elementor-column-gap-default\">\n\t\t\t\t\t<div class=\"elementor-column elementor-col-100 elementor-top-column elementor-element elementor-element-26420cb\" data-id=\"26420cb\" data-element_type=\"column\">\n\t\t\t<div class=\"elementor-widget-wrap elementor-element-populated\">\n\t\t\t\t\t\t\t\t<div class=\"elementor-element elementor-element-e339f65 elementor-widget elementor-widget-heading\" data-id=\"e339f65\" data-element_type=\"widget\" data-widget_type=\"heading.default\">\n\t\t\t\t<div class=\"elementor-widget-container\">\n\t\t\t<style>\/*! elementor - v3.18.0 - 20-12-2023 *\/\n.elementor-heading-title{padding:0;margin:0;line-height:1}.elementor-widget-heading .elementor-heading-title[class*=elementor-size-]>a{color:inherit;font-size:inherit;line-height:inherit}.elementor-widget-heading .elementor-heading-title.elementor-size-small{font-size:15px}.elementor-widget-heading .elementor-heading-title.elementor-size-medium{font-size:19px}.elementor-widget-heading .elementor-heading-title.elementor-size-large{font-size:29px}.elementor-widget-heading .elementor-heading-title.elementor-size-xl{font-size:39px}.elementor-widget-heading .elementor-heading-title.elementor-size-xxl{font-size:59px}<\/style><h2 class=\"elementor-heading-title elementor-size-default\">\u00dcber uns<\/h2>\t\t<\/div>\n\t\t\t\t<\/div>\n\t\t\t\t\t<\/div>\n\t\t<\/div>\n\t\t\t\t\t\t\t<\/div>\n\t\t<\/section>\n\t\t\t\t<section class=\"elementor-section elementor-top-section elementor-element elementor-element-060265a elementor-section-boxed elementor-section-height-default elementor-section-height-default\" data-id=\"060265a\" data-element_type=\"section\">\n\t\t\t\t\t\t<div class=\"elementor-container elementor-column-gap-default\">\n\t\t\t\t\t<div class=\"elementor-column elementor-col-100 elementor-top-column elementor-element elementor-element-9717458\" data-id=\"9717458\" data-element_type=\"column\">\n\t\t\t<div class=\"elementor-widget-wrap elementor-element-populated\">\n\t\t\t\t\t\t\t\t<div class=\"elementor-element elementor-element-f1f9388 elementor-widget elementor-widget-text-editor\" data-id=\"f1f9388\" data-element_type=\"widget\" data-widget_type=\"text-editor.default\">\n\t\t\t\t<div class=\"elementor-widget-container\">\n\t\t\t<style>\/*! elementor - v3.18.0 - 20-12-2023 *\/\n.elementor-widget-text-editor.elementor-drop-cap-view-stacked .elementor-drop-cap{background-color:#69727d;color:#fff}.elementor-widget-text-editor.elementor-drop-cap-view-framed .elementor-drop-cap{color:#69727d;border:3px solid;background-color:transparent}.elementor-widget-text-editor:not(.elementor-drop-cap-view-default) .elementor-drop-cap{margin-top:8px}.elementor-widget-text-editor:not(.elementor-drop-cap-view-default) .elementor-drop-cap-letter{width:1em;height:1em}.elementor-widget-text-editor .elementor-drop-cap{float:left;text-align:center;line-height:1;font-size:50px}.elementor-widget-text-editor .elementor-drop-cap-letter{display:inline-block}<\/style>\t\t\t\t<p>Willkommen im Herzen einer engagierten Bildung und Community-Verbindung \u2013 der Sustainable Life Skills Caf\u00e9 App. Diese Anwendung wurde als integraler Ressourcen-Hub und innovatives Bildungsinstrument konzipiert und ist der Eckpfeiler unseres Projekts. Unsere App revolutioniert die Art und Weise, wie wir mit Ressourcen interagieren, und f\u00f6rdert eine integrative und zug\u00e4ngliche Plattform f\u00fcr Lernen und Wachstum.&nbsp;<\/p><p>Im Kern dient die App als dynamisches Repository und Bildungskraftwerk und erm\u00f6glicht den nahtlosen Zugriff auf projektproduzierte Ressourcen. \u00dcber die intuitive Benutzeroberfl\u00e4che erhalten Benutzer Zugriff auf eine F\u00fclle von Informationen, einschlie\u00dflich Veranstaltungsterminen und Logistik, die alle in einem interaktiven Kartenformat pr\u00e4sentiert werden. Unsere Sustainable Life Skills Caf\u00e9-Betreiber finden hier ein Zuhause, erm\u00e4chtigt ihre Veranstaltungen zu pr\u00e4sentieren und durch umfassende Details zur Teilnahme zu verlocken.<\/p>\t\t\t\t\t\t<\/div>\n\t\t\t\t<\/div>\n\t\t\t\t\t<\/div>\n\t\t<\/div>\n\t\t\t\t\t\t\t<\/div>\n\t\t<\/section>\n\t\t\t\t\t\t\t<\/div>\n\t\t","protected":false},"excerpt":{"rendered":"<p>\u00dcber uns Willkommen im Herzen einer engagierten Bildung und Community-Verbindung \u2013 der Sustainable Life Skills Caf\u00e9 App. Diese Anwendung wurde als integraler Ressourcen-Hub und innovatives Bildungsinstrument konzipiert und ist der Eckpfeiler unseres Projekts. Unsere App revolutioniert die Art und Weise, wie wir mit Ressourcen interagieren, und f\u00f6rdert eine integrative und zug\u00e4ngliche Plattform f\u00fcr Lernen und&#8230;<\/p>\n","protected":false},"author":1,"featured_media":0,"parent":0,"menu_order":0,"comment_status":"closed","ping_status":"closed","template":"elementor_header_footer","meta":{"footnotes":""},"class_list":["post-2080","page","type-page","status-publish","hentry"],"_links":{"self":[{"href":"https:\/\/app.slscafe.eu\/index.php\/wp-json\/wp\/v2\/pages\/2080","targetHints":{"allow":["GET"]}}],"collection":[{"href":"https:\/\/app.slscafe.eu\/index.php\/wp-json\/wp\/v2\/pages"}],"about":[{"href":"https:\/\/app.slscafe.eu\/index.php\/wp-json\/wp\/v2\/types\/page"}],"author":[{"embeddable":true,"href":"https:\/\/app.slscafe.eu\/index.php\/wp-json\/wp\/v2\/users\/1"}],"replies":[{"embeddable":true,"href":"https:\/\/app.slscafe.eu\/index.php\/wp-json\/wp\/v2\/comments?post=2080"}],"version-history":[{"count":5,"href":"https:\/\/app.slscafe.eu\/index.php\/wp-json\/wp\/v2\/pages\/2080\/revisions"}],"predecessor-version":[{"id":2092,"href":"https:\/\/app.slscafe.eu\/index.php\/wp-json\/wp\/v2\/pages\/2080\/revisions\/2092"}],"wp:attachment":[{"href":"https:\/\/app.slscafe.eu\/index.php\/wp-json\/wp\/v2\/media?parent=2080"}],"curies":[{"name":"wp","href":"https:\/\/api.w.org\/{rel}","templated":true}]}}