{"id":2016,"date":"2024-01-07T17:33:43","date_gmt":"2024-01-07T17:33:43","guid":{"rendered":"https:\/\/app.slscafe.eu\/?page_id=2016"},"modified":"2024-01-07T18:46:26","modified_gmt":"2024-01-07T18:46:26","slug":"about-2","status":"publish","type":"page","link":"https:\/\/app.slscafe.eu\/index.php\/fi\/about-2\/","title":{"rendered":"About fi"},"content":{"rendered":"\t\t<div data-elementor-type=\"wp-page\" data-elementor-id=\"2016\" class=\"elementor elementor-2016\">\n\t\t\t\t\t\t\t\t\t<section class=\"elementor-section elementor-top-section elementor-element elementor-element-173ef3c elementor-section-boxed elementor-section-height-default elementor-section-height-default\" data-id=\"173ef3c\" data-element_type=\"section\">\n\t\t\t\t\t\t<div class=\"elementor-container elementor-column-gap-default\">\n\t\t\t\t\t<div class=\"elementor-column elementor-col-100 elementor-top-column elementor-element elementor-element-26420cb\" data-id=\"26420cb\" data-element_type=\"column\">\n\t\t\t<div class=\"elementor-widget-wrap elementor-element-populated\">\n\t\t\t\t\t\t\t\t<div class=\"elementor-element elementor-element-e339f65 elementor-widget elementor-widget-heading\" data-id=\"e339f65\" data-element_type=\"widget\" data-widget_type=\"heading.default\">\n\t\t\t\t<div class=\"elementor-widget-container\">\n\t\t\t<style>\/*! elementor - v3.18.0 - 20-12-2023 *\/\n.elementor-heading-title{padding:0;margin:0;line-height:1}.elementor-widget-heading .elementor-heading-title[class*=elementor-size-]>a{color:inherit;font-size:inherit;line-height:inherit}.elementor-widget-heading .elementor-heading-title.elementor-size-small{font-size:15px}.elementor-widget-heading .elementor-heading-title.elementor-size-medium{font-size:19px}.elementor-widget-heading .elementor-heading-title.elementor-size-large{font-size:29px}.elementor-widget-heading .elementor-heading-title.elementor-size-xl{font-size:39px}.elementor-widget-heading .elementor-heading-title.elementor-size-xxl{font-size:59px}<\/style><h2 class=\"elementor-heading-title elementor-size-default\">Tietoja<\/h2>\t\t<\/div>\n\t\t\t\t<\/div>\n\t\t\t\t\t<\/div>\n\t\t<\/div>\n\t\t\t\t\t\t\t<\/div>\n\t\t<\/section>\n\t\t\t\t<section class=\"elementor-section elementor-top-section elementor-element elementor-element-060265a elementor-section-boxed elementor-section-height-default elementor-section-height-default\" data-id=\"060265a\" data-element_type=\"section\">\n\t\t\t\t\t\t<div class=\"elementor-container elementor-column-gap-default\">\n\t\t\t\t\t<div class=\"elementor-column elementor-col-100 elementor-top-column elementor-element elementor-element-9717458\" data-id=\"9717458\" data-element_type=\"column\">\n\t\t\t<div class=\"elementor-widget-wrap elementor-element-populated\">\n\t\t\t\t\t\t\t\t<div class=\"elementor-element elementor-element-f1f9388 elementor-widget elementor-widget-text-editor\" data-id=\"f1f9388\" data-element_type=\"widget\" data-widget_type=\"text-editor.default\">\n\t\t\t\t<div class=\"elementor-widget-container\">\n\t\t\t<style>\/*! elementor - v3.18.0 - 20-12-2023 *\/\n.elementor-widget-text-editor.elementor-drop-cap-view-stacked .elementor-drop-cap{background-color:#69727d;color:#fff}.elementor-widget-text-editor.elementor-drop-cap-view-framed .elementor-drop-cap{color:#69727d;border:3px solid;background-color:transparent}.elementor-widget-text-editor:not(.elementor-drop-cap-view-default) .elementor-drop-cap{margin-top:8px}.elementor-widget-text-editor:not(.elementor-drop-cap-view-default) .elementor-drop-cap-letter{width:1em;height:1em}.elementor-widget-text-editor .elementor-drop-cap{float:left;text-align:center;line-height:1;font-size:50px}.elementor-widget-text-editor .elementor-drop-cap-letter{display:inline-block}<\/style>\t\t\t\t<p>Tervetuloa mukaansatempaavan koulutuksen ja yhteis\u00f6llisyyden ytimeen &#8211; Sustainable Life Skills Cafe -sovellukseen. Suunniteltu olennaiseksi resurssikeskukseksi ja innovatiiviseksi koulutusty\u00f6kaluksi, t\u00e4m\u00e4 sovellus on hankkeemme kulmakivi. Sovelluksemme mullistaa sen, miten suhtaudumme resursseihin, edist\u00e4en osallistavaa ja saavutettavaa oppimisen ja kasvun alustaa.<\/p><p>Sovelluksen ytimess\u00e4 se toimii dynaamisena tietovarastona ja koulutuksen voimanpes\u00e4n\u00e4, mahdollistaen saumattoman p\u00e4\u00e4syn projektin tuottamiin resursseihin. Intuitiivisen k\u00e4ytt\u00f6liittym\u00e4ns\u00e4 kautta k\u00e4ytt\u00e4j\u00e4t p\u00e4\u00e4sev\u00e4t k\u00e4siksi tietotulvaan, mukaan lukien tapahtumien p\u00e4iv\u00e4m\u00e4\u00e4r\u00e4t ja logistiikan, kaiken esitet\u00e4\u00e4n interaktiivisessa karttaformaatissa. Meid\u00e4n Sustainable Life Skills Caf\u00e9 -operaattorimme l\u00f6yt\u00e4v\u00e4t kodin t\u00e4\u00e4lt\u00e4, heit\u00e4 valtuutetaan esittelem\u00e4\u00e4n tapahtumiaan ja houkuttelemaan osallistujia tarjoamalla kattavia tietoja.<\/p>\t\t\t\t\t\t<\/div>\n\t\t\t\t<\/div>\n\t\t\t\t\t<\/div>\n\t\t<\/div>\n\t\t\t\t\t\t\t<\/div>\n\t\t<\/section>\n\t\t\t\t\t\t\t<\/div>\n\t\t","protected":false},"excerpt":{"rendered":"<p>Tietoja Tervetuloa mukaansatempaavan koulutuksen ja yhteis\u00f6llisyyden ytimeen &#8211; Sustainable Life Skills Cafe -sovellukseen. Suunniteltu olennaiseksi resurssikeskukseksi ja innovatiiviseksi koulutusty\u00f6kaluksi, t\u00e4m\u00e4 sovellus on hankkeemme kulmakivi. Sovelluksemme mullistaa sen, miten suhtaudumme resursseihin, edist\u00e4en osallistavaa ja saavutettavaa oppimisen ja kasvun alustaa. Sovelluksen ytimess\u00e4 se toimii dynaamisena tietovarastona ja koulutuksen voimanpes\u00e4n\u00e4, mahdollistaen saumattoman p\u00e4\u00e4syn projektin tuottamiin resursseihin. Intuitiivisen k\u00e4ytt\u00f6liittym\u00e4ns\u00e4&#8230;<\/p>\n","protected":false},"author":1,"featured_media":0,"parent":0,"menu_order":0,"comment_status":"closed","ping_status":"closed","template":"elementor_header_footer","meta":{"footnotes":""},"class_list":["post-2016","page","type-page","status-publish","hentry"],"_links":{"self":[{"href":"https:\/\/app.slscafe.eu\/index.php\/wp-json\/wp\/v2\/pages\/2016","targetHints":{"allow":["GET"]}}],"collection":[{"href":"https:\/\/app.slscafe.eu\/index.php\/wp-json\/wp\/v2\/pages"}],"about":[{"href":"https:\/\/app.slscafe.eu\/index.php\/wp-json\/wp\/v2\/types\/page"}],"author":[{"embeddable":true,"href":"https:\/\/app.slscafe.eu\/index.php\/wp-json\/wp\/v2\/users\/1"}],"replies":[{"embeddable":true,"href":"https:\/\/app.slscafe.eu\/index.php\/wp-json\/wp\/v2\/comments?post=2016"}],"version-history":[{"count":5,"href":"https:\/\/app.slscafe.eu\/index.php\/wp-json\/wp\/v2\/pages\/2016\/revisions"}],"predecessor-version":[{"id":2093,"href":"https:\/\/app.slscafe.eu\/index.php\/wp-json\/wp\/v2\/pages\/2016\/revisions\/2093"}],"wp:attachment":[{"href":"https:\/\/app.slscafe.eu\/index.php\/wp-json\/wp\/v2\/media?parent=2016"}],"curies":[{"name":"wp","href":"https:\/\/api.w.org\/{rel}","templated":true}]}}